{"id":28,"date":"2013-05-03T14:20:32","date_gmt":"2013-05-03T12:20:32","guid":{"rendered":"http:\/\/www.multiker.hu\/ravaszok\/?page_id=28"},"modified":"2015-10-09T17:07:23","modified_gmt":"2015-10-09T15:07:23","slug":"elerhetosegek","status":"publish","type":"page","link":"http:\/\/www.ravaszok.hu\/?page_id=28","title":{"rendered":"El\u00e9rhet\u0151s\u00e9gek"},"content":{"rendered":"<table style=\"width: 744px;\" border=\"0\" cellspacing=\"0\" cellpadding=\"0\">\n<tbody>\n<tr valign=\"top\">\n<td><strong>Ravasz L\u00e1szl\u00f3<br \/>\n<\/strong><span style=\"font-size: 10pt;\">munkav\u00e9delmi technikus<\/span><\/td>\n<td><span style=\"font-size: 10pt;\"><strong>C\u00edm:<\/strong> 6600 Szentes, Somogyi B. u. 3\/A II\/6.<\/span><br \/>\n<span style=\"font-size: 12pt;\"><span style=\"font-size: 10pt;\"> <strong>Mobil:<\/strong><\/span> 06 30 963 7391<\/span><br \/>\n<span style=\"font-size: 10pt;\"> <strong>Fax:<\/strong> 06 63 311 969<\/span><br \/>\n<span style=\"font-size: 10pt;\"> <strong>E-mail:<\/strong> ravasz.l@ravaszok.hu<\/span><\/td>\n<\/tr>\n<tr>\n<td><\/td>\n<td><\/td>\n<\/tr>\n<tr valign=\"top\">\n<td><strong>Ravasz G\u00e1bor<\/strong><strong><br \/>\n<\/strong><span style=\"font-size: 10pt;\">munkav\u00e9delmi technikus<\/span><br \/>\n<span style=\"font-size: 10pt;\"> emel\u0151g\u00e9p \u00fcgyint\u00e9z\u0151<\/span><br \/>\n<span style=\"font-size: 10pt;\"> t\u0171zv\u00e9delmi el\u0151ad\u00f3<\/span><\/td>\n<td><span style=\"font-size: 10pt;\"><strong>C\u00edm:<\/strong> 6600 Szentes, J\u00f3zsef A. u. 4\/B I\/1.<\/span><br \/>\n<span style=\"font-size: 12pt;\"><span style=\"font-size: 10pt;\"> <strong>Mobil:<\/strong><\/span> 06 30 637 4243<\/span><br \/>\n<span style=\"font-size: 10pt;\"> <strong>Fax:<\/strong> 06 63 311 969<\/span><br \/>\n<span style=\"font-size: 10pt;\"> <strong>E-mail:<\/strong> ravasz.g@ravaszok.hu<\/span><\/td>\n<\/tr>\n<tr>\n<td><\/td>\n<td><\/td>\n<\/tr>\n<tr valign=\"top\">\n<td><strong>Ravaszn\u00e9 Izsold Ildik\u00f3<\/strong><strong><br \/>\n<\/strong><span style=\"font-size: 10pt;\">k\u00f6rnyezet- \u00e9s hidrotechnol\u00f3gus<\/span><\/td>\n<td><span style=\"font-size: 10pt;\"><strong>C\u00edm:<\/strong> 6600 Szentes, Somogyi B. u. 3\/A II\/6.<\/span><br \/>\n<span style=\"font-size: 12pt;\"><span style=\"font-size: 10pt;\"> <strong>Mobil:<\/strong><\/span> 06 30 228 1514<\/span><br \/>\n<span style=\"font-size: 10pt;\"> <strong>Fax:<\/strong> 06 63 311 969<\/span><br \/>\n<span style=\"font-size: 10pt;\"> <strong>E-mail:<\/strong> ravasz.i@ravaszok.hu<\/span><\/td>\n<\/tr>\n<\/tbody>\n<\/table>\n<p>[mapsmarker marker=&#8221;1&#8243;]<\/p>\n","protected":false},"excerpt":{"rendered":"<p>Ravasz L\u00e1szl\u00f3 munkav\u00e9delmi technikus C\u00edm: 6600 Szentes, Somogyi B. u. 3\/A II\/6. Mobil: 06 30 963 7391 Fax: 06 63 311 969 E-mail: ravasz.l@ravaszok.hu Ravasz G\u00e1bor munkav\u00e9delmi technikus emel\u0151g\u00e9p \u00fcgyint\u00e9z\u0151 t\u0171zv\u00e9delmi el\u0151ad\u00f3 C\u00edm: 6600 Szentes, J\u00f3zsef A. u. 4\/B I\/1. &hellip; <a href=\"http:\/\/www.ravaszok.hu\/?page_id=28\">Egy kattint\u00e1s ide a folytat\u00e1shoz&#8230;. <span class=\"meta-nav\">&rarr;<\/span><\/a><\/p>\n","protected":false},"author":1,"featured_media":0,"parent":0,"menu_order":0,"comment_status":"closed","ping_status":"closed","template":"","meta":{"footnotes":""},"_links":{"self":[{"href":"http:\/\/www.ravaszok.hu\/index.php?rest_route=\/wp\/v2\/pages\/28"}],"collection":[{"href":"http:\/\/www.ravaszok.hu\/index.php?rest_route=\/wp\/v2\/pages"}],"about":[{"href":"http:\/\/www.ravaszok.hu\/index.php?rest_route=\/wp\/v2\/types\/page"}],"author":[{"embeddable":true,"href":"http:\/\/www.ravaszok.hu\/index.php?rest_route=\/wp\/v2\/users\/1"}],"replies":[{"embeddable":true,"href":"http:\/\/www.ravaszok.hu\/index.php?rest_route=%2Fwp%2Fv2%2Fcomments&post=28"}],"version-history":[{"count":8,"href":"http:\/\/www.ravaszok.hu\/index.php?rest_route=\/wp\/v2\/pages\/28\/revisions"}],"predecessor-version":[{"id":689,"href":"http:\/\/www.ravaszok.hu\/index.php?rest_route=\/wp\/v2\/pages\/28\/revisions\/689"}],"wp:attachment":[{"href":"http:\/\/www.ravaszok.hu\/index.php?rest_route=%2Fwp%2Fv2%2Fmedia&parent=28"}],"curies":[{"name":"wp","href":"https:\/\/api.w.org\/{rel}","templated":true}]}}